967891 prime?
True
Is 15101991199 a prime number?
False
Is 20193882523 a composite number?
True
Is 2960184571 a composite number?
True
Is 1183586623 composite?
False
Is 2577274831 composite?
True
Is 37025563051 a composite number?
True
Is 2637612023 prime?
False
Is 1715772041 a prime number?
True
Is 67201358437 a composite number?
False
Is 8017198549 a prime number?
False
Is 1025888447 prime?
False
Is 272576066033 prime?
True
Is 4080178831 composite?
True
Is 180153854 composite?
True
Is 23631410381 a prime number?
True
Is 656883223 a composite number?
False
Is 8630471 prime?
False
Is 5334862129 a composite number?
False
Is 157492087 a composite number?
True
Is 4755189041 a prime number?
True
Is 1062717739 prime?
False
Is 2186379779 a composite number?
False
Is 22017253051 composite?
True
Is 155557387 prime?
True
Is 2230891193 a composite number?
True
Is 13825076389 a composite number?
True
Is 19507686077 a prime number?
False
Is 5679263549 a prime number?
False
Is 370566121 a composite number?
False
Is 138418169873 a prime number?
True
Is 8842555717 a prime number?
False
Is 9188935579 a prime number?
False
Is 159769895449 prime?
True
Is 2740687633 a prime number?
True
Is 665804219 a composite number?
False
Is 1330189883 a composite number?
True
Is 2972254421 prime?
True
Is 11267892323 prime?
False
Is 298451 prime?
True
Is 808648429 composite?
False
Is 11685435851 a composite number?
True
Is 1513485133 composite?
True
Is 11522515997 a prime number?
False
Is 217392241 a prime number?
False
Is 27274188727 prime?
True
Is 789748457 a composite number?
True
Is 1156207477 composite?
False
Is 12348505853 composite?
True
Is 5051511089 a prime number?
False
Is 3946766059 prime?
True
Is 97058513 prime?
False
Is 15927252023 a composite number?
True
Is 110000339 composite?
False
Is 540030691 a composite number?
False
Is 25465964523 a prime number?
False
Is 7891178821 composite?
False
Is 678918421 composite?
True
Is 1817628233 a composite number?
False
Is 9384294709 a composite number?
True
Is 13253523947 a composite number?
True
Is 97420679 composite?
False
Is 78005769727 composite?
False
Is 7244686903 composite?
False
Is 146407742333 composite?
True
Is 528175317 prime?
False
Is 16916205773 composite?
True
Is 398592193 composite?
False
Is 232016621 composite?
False
Is 1036759223 prime?
True
Is 707959471 a composite number?
False
Is 10419394187 prime?
False
Is 6209899097 a prime number?
True
Is 1598355277 prime?
True
Is 94286595043 prime?
True
Is 634165507 a prime number?
True
Is 43221701 composite?
True
Is 116541210323 a composite number?
False
Is 8259389 a prime number?
True
Is 20731895831 a composite number?
False
Is 6186437501 a prime number?
True
Is 14747495771 composite?
False
Is 49633852927 composite?
False
Is 1984363207 a prime number?
False
Is 54941708351 prime?
False
Is 12529169011 composite?
False
Is 13258726489 a prime number?
True
Is 258107789 a prime number?
True
Is 606714109 prime?
True
Is 8917091 a composite number?
True
Is 51616871 prime?
True
Is 47073491617 composite?
False
Is 3770414251 prime?
False
Is 951020099 a prime number?
True
Is 154032094393 composite?
False
Is 134658439 a prime number?
True
Is 32504020771 prime?
True
Is 8307806453 a prime number?
False
Is 17949420721 a prime number?
False
Is 1146598121 composite?
False
Is 9066686087 a prime number?
False
Is 1227540967 composite?
False
Is 3569603923 prime?
True
Is 5918513255 composite?
True
Is 1452988751 a composite number?
True
Is 3292440421 prime?
True
Is 43983431143 prime?
True
Is 96853172789 a composite number?
False
Is 18594753809 a composite number?
False
Is 238838467 a prime number?
False
Is 412031773 composite?
False
Is 7245160621 a prime number?
True
Is 3356209897 composite?
True
Is 2558951449 a composite number?
False
Is 1571427941 composite?
True
Is 11107226609 prime?
True
Is 166981891 a prime number?
False
Is 1404533677 a composite number?
False
Is 2378316853 prime?
False
Is 6458165981 composite?
False
Is 196580411 a prime number?
False
Is 1446859 composite?
True
Is 6798726841 composite?
False
Is 4200923693 composite?
True
Is 8600857147 prime?
False
Is 2683291411 a prime number?
True
Is 73695684563 composite?
True
Is 9842077241 prime?
False
Is 2172772279 a prime number?
False
Is 7897328627 a prime number?
False
Is 5192054039 a composite number?
True
Is 1197243121 a composite number?
False
Is 2009591261 a prime number?
False
Is 6914683 a prime number?
True
Is 432584983 prime?
False
Is 37430388343 prime?
False
Is 10306887106 a prime number?
False
Is 428996653 a composite number?
True
Is 1496750981 prime?
False
Is 21782738051 a composite number?
False
Is 2475200479 a prime number?
True
Is 62449657877 prime?
False
Is 27239234999 a prime number?
True
Is 3942884347 a prime number?
False
Is 30804455551 a prime number?
True
Is 154193183 prime?
True
Is 7082766041 a prime number?
False
Is 683815277 prime?
False
Is 1679624269 a composite number?
False
Is 2098196489 a composite number?
True
Is 4839624653 composite?
True
Is 745713317 a composite number?
True
Is 7283990657 a prime number?
True
Is 19981196407 a prime number?
False
Is 128529380645 composite?
True
Is 1162249661 prime?
False
Is 2895395527 composite?
False
Is 3650629513 a prime number?
True
Is 13027870561 prime?
False
Is 16842072199 prime?
True
Is 1692033583 composite?
False
Is 5323685462 composite?
True
Is 20271378137 a composite number?
True
Is 316008757 composite?
False
Is 18887024141 a prime number?
True
Is 58973472739 composite?
False
Is 47391742031 a composite number?
False
Is 51587225587 composite?
True
Is 13317737 a composite number?
True
Is 5294329939 a prime number?
True
Is 2122864277 composite?
False
Is 58179377 a prime number?
False
Is 7727266169 a prime number?
False
Is 3754511507 prime?
False
Is 2665916042 a composite number?
True
Is 34392936839 composite?
True
Is 101923937 a prime number?
False
Is 2824343387 a prime number?
True
Is 11063485249 composite?
True
Is 4966328833 a composite number?
True
Is 12203653555 prime?
False
Is 3075833413 composite?
True
Is 4103488283 composite?
False
Is 346512493 prime?
False
Is 44464501349 a prime number?
True
Is 4047022717 a composite number?
False
Is 45316727387 composite?
True
Is 1556470681 prime?
False
Is 2664491797 prime?
False
Is 92318667689 a composite number?
True
Is 934322027 a composite number?
False
Is 686152721 a prime number?
False
Is 3528574771 composite?
True
Is 1495054423 composite?
True
Is 131082823667 a prime number?
True
Is 9938090441 a prime number?
True
Is 26934565211 a composite number?
True
Is 46997508617 prime?
True
Is 29232298723 composite?
False
Is 20274092593 a prime number?
False
Is 221505827 a composite number?
True
Is 21549867767 a prime number?
True
Is 61049684417 a composite number?
True
Is 144360598831 a prime number?
False
Is 299794049 composite?
False
Is 6837667 prime?
True
Is 32755722449 a prime number?
False
Is 51405477241 prime?
False
Is 465998171 a composite number?
True
Is 20851079549 a prime number?
True
Is 19623500059 a prime number?
True
Is 130318323137 prime?
False
Is 1133905853 a composite number?
False
Is 338391769 a composite number?
False
Is 808710283 prime?
False
Is 19853598043 composite?
False
Is 440788499 prime?
False
Is 167343997921 a composite number?
False
Is 740775349 prime?
False
Is 279805603723 prime?
True
Is 986330017 prime?
True
Is 1942336553 composite?
False
Is 9174084358 prime?
False
Is 141155918719 composite?
True
Is 6732490757 a prime number?
True
Is 38470349 prime?
False
Is 31139071231 a composite number?
False
Is 1652259841 prime?
False
Is 31512013099 prime?
False
Is 596364919 prime?
False
Is 39306517849 composite?
False
Is 23302532483 a prime number?
True
Is 13808335087 a prime number?
True
Is 21628382539 a composite number?
False
Is 49214257 a prime number?
True
Is 1895584547 prime?
False
Is 70621051 composite?
True
Is 25974752653 prime?
True
Is 114329177567 a prime number?
False
Is 36114695201 a prime number?
False
Is 2139346633 prime?
False
Is 749284379 composite?
True
Is 3114249727 a composite number?
True
Is 154055447719 composite?
True
Is 88295531 composite?
False
Is 600624179 a prime number?
True
Is 826308911 composite?
False
Is 2617999063 a prime number?
True
Is 1347205259 a composite number?
F